{"version":"1.0","provider_name":"Blog artif T\u00fcbingen","provider_url":"https:\/\/artif.com\/blog","author_name":"Andreas Brus","author_url":"https:\/\/artif.com\/blog\/author\/andreas-brus","title":"Technik-Akademie T\u00fcbingen 2018 bei uns - Blog artif T\u00fcbingen","type":"rich","width":600,"height":338,"html":"<blockquote class=\"wp-embedded-content\" data-secret=\"Ti7ZWUfe9c\"><a href=\"https:\/\/artif.com\/blog\/technik-akademie-tuebingen-2018-bei-artif.html\">Technik-Akademie T\u00fcbingen 2018 bei uns<\/a><\/blockquote><iframe sandbox=\"allow-scripts\" security=\"restricted\" src=\"https:\/\/artif.com\/blog\/technik-akademie-tuebingen-2018-bei-artif.html\/embed#?secret=Ti7ZWUfe9c\" width=\"600\" height=\"338\" title=\"&#8222;Technik-Akademie T\u00fcbingen 2018 bei uns&#8220; &#8211; Blog artif T\u00fcbingen\" data-secret=\"Ti7ZWUfe9c\" frameborder=\"0\" marginwidth=\"0\" marginheight=\"0\" scrolling=\"no\" class=\"wp-embedded-content\"><\/iframe><script type=\"text\/javascript\">\n\/* <![CDATA[ *\/\n\/*! This file is auto-generated *\/\n!function(d,l){\"use strict\";l.querySelector&&d.addEventListener&&\"undefined\"!=typeof URL&&(d.wp=d.wp||{},d.wp.receiveEmbedMessage||(d.wp.receiveEmbedMessage=function(e){var t=e.data;if((t||t.secret||t.message||t.value)&&!\/[^a-zA-Z0-9]\/.test(t.secret)){for(var s,r,n,a=l.querySelectorAll('iframe[data-secret=\"'+t.secret+'\"]'),o=l.querySelectorAll('blockquote[data-secret=\"'+t.secret+'\"]'),c=new RegExp(\"^https?:$\",\"i\"),i=0;i<o.length;i++)o[i].style.display=\"none\";for(i=0;i<a.length;i++)s=a[i],e.source===s.contentWindow&&(s.removeAttribute(\"style\"),\"height\"===t.message?(1e3<(r=parseInt(t.value,10))?r=1e3:~~r<200&&(r=200),s.height=r):\"link\"===t.message&&(r=new URL(s.getAttribute(\"src\")),n=new URL(t.value),c.test(n.protocol))&&n.host===r.host&&l.activeElement===s&&(d.top.location.href=t.value))}},d.addEventListener(\"message\",d.wp.receiveEmbedMessage,!1),l.addEventListener(\"DOMContentLoaded\",function(){for(var e,t,s=l.querySelectorAll(\"iframe.wp-embedded-content\"),r=0;r<s.length;r++)(t=(e=s[r]).getAttribute(\"data-secret\"))||(t=Math.random().toString(36).substring(2,12),e.src+=\"#?secret=\"+t,e.setAttribute(\"data-secret\",t)),e.contentWindow.postMessage({message:\"ready\",secret:t},\"*\")},!1)))}(window,document);\n\/\/# sourceURL=https:\/\/artif.com\/blog\/wp-includes\/js\/wp-embed.min.js\n\/* ]]> *\/\n<\/script>\n","thumbnail_url":"https:\/\/artif.com\/blog\/wp-content\/uploads\/2018\/02\/Gruppenbild-artif-1024x685.jpg","thumbnail_width":1024,"thumbnail_height":685,"description":"Auch dieses Jahr war eine Gruppe der Technik-Akademie bei artif zu Besuch. Das nette artif-Team half uns bei der Entwicklung und Produktion unserer eigenen Website, die wir mit WordPress erstellten. Zudem h\u00f6rten wir einen informativen Vortrag von dem Azubi Shalom Anyula \u00fcber die Firma artif und den Ausbildungsberuf als Mediengestalter an. Au\u00dferdem bekamen wir zwei... Weiterlesen"}

Blog artif Tübingen

Technik-Akademie Tübingen 2018 bei uns - Blog artif Tübingen

<blockquote class="wp-embedded-content" data-secret="Ti7ZWUfe9c"><a href="https://artif.com/blog/technik-akademie-tuebingen-2018-bei-artif.html">Technik-Akademie Tübingen 2018 bei uns</a></blockquote><iframe sandbox="allow-scripts" security="restricted" src="https://artif.com/blog/technik-akademie-tuebingen-2018-bei-artif.html/embed#?secret=Ti7ZWUfe9c" width="600" height="338" title="&#8222;Technik-Akademie Tübingen 2018 bei uns&#8220; &#8211; Blog artif Tübingen" data-secret="Ti7ZWUfe9c" frameborder="0" marginwidth="0" marginheight="0" scrolling="no" class="wp-embedded-content"></iframe><script type="text/javascript">
/* <![CDATA[ */
/*! This file is auto-generated */
!function(d,l){"use strict";l.querySelector&&d.addEventListener&&"undefined"!=typeof URL&&(d.wp=d.wp||{},d.wp.receiveEmbedMessage||(d.wp.receiveEmbedMessage=function(e){var t=e.data;if((t||t.secret||t.message||t.value)&&!/[^a-zA-Z0-9]/.test(t.secret)){for(var s,r,n,a=l.querySelectorAll('iframe[data-secret="'+t.secret+'"]'),o=l.querySelectorAll('blockquote[data-secret="'+t.secret+'"]'),c=new RegExp("^https?:$","i"),i=0;i<o.length;i++)o[i].style.display="none";for(i=0;i<a.length;i++)s=a[i],e.source===s.contentWindow&&(s.removeAttribute("style"),"height"===t.message?(1e3<(r=parseInt(t.value,10))?r=1e3:~~r<200&&(r=200),s.height=r):"link"===t.message&&(r=new URL(s.getAttribute("src")),n=new URL(t.value),c.test(n.protocol))&&n.host===r.host&&l.activeElement===s&&(d.top.location.href=t.value))}},d.addEventListener("message",d.wp.receiveEmbedMessage,!1),l.addEventListener("DOMContentLoaded",function(){for(var e,t,s=l.querySelectorAll("iframe.wp-embedded-content"),r=0;r<s.length;r++)(t=(e=s[r]).getAttribute("data-secret"))||(t=Math.random().toString(36).substring(2,12),e.src+="#?secret="+t,e.setAttribute("data-secret",t)),e.contentWindow.postMessage({message:"ready",secret:t},"*")},!1)))}(window,document);
//# sourceURL=https://artif.com/blog/wp-includes/js/wp-embed.min.js
/* ]]> */
</script>

Auch dieses Jahr war eine Gruppe der Technik-Akademie bei artif zu Besuch. Das nette artif-Team half uns bei der Entwicklung und Produktion unserer eigenen Website, die wir mit WordPress erstellten. Zudem hörten wir einen informativen Vortrag von dem Azubi Shalom Anyula über die Firma artif und den Ausbildungsberuf als Mediengestalter an. Außerdem bekamen wir zwei... Weiterlesen
