{"version":"1.0","provider_name":"Blog artif T\u00fcbingen","provider_url":"https:\/\/artif.com\/blog","author_name":"Stefanie Lupo","author_url":"https:\/\/artif.com\/blog\/author\/stefanie-lupo","title":"Technik-Akademie 2019 bei uns - Blog artif T\u00fcbingen","type":"rich","width":600,"height":338,"html":"<blockquote class=\"wp-embedded-content\" data-secret=\"EleNVQ4Pjj\"><a href=\"https:\/\/artif.com\/blog\/technik-akademie-2019-bei-artif.html\">Technik-Akademie 2019 bei uns<\/a><\/blockquote><iframe sandbox=\"allow-scripts\" security=\"restricted\" src=\"https:\/\/artif.com\/blog\/technik-akademie-2019-bei-artif.html\/embed#?secret=EleNVQ4Pjj\" width=\"600\" height=\"338\" title=\"&#8222;Technik-Akademie 2019 bei uns&#8220; &#8211; Blog artif T\u00fcbingen\" data-secret=\"EleNVQ4Pjj\" frameborder=\"0\" marginwidth=\"0\" marginheight=\"0\" scrolling=\"no\" class=\"wp-embedded-content\"><\/iframe><script type=\"text\/javascript\">\n\/* <![CDATA[ *\/\n\/*! This file is auto-generated *\/\n!function(d,l){\"use strict\";l.querySelector&&d.addEventListener&&\"undefined\"!=typeof URL&&(d.wp=d.wp||{},d.wp.receiveEmbedMessage||(d.wp.receiveEmbedMessage=function(e){var t=e.data;if((t||t.secret||t.message||t.value)&&!\/[^a-zA-Z0-9]\/.test(t.secret)){for(var s,r,n,a=l.querySelectorAll('iframe[data-secret=\"'+t.secret+'\"]'),o=l.querySelectorAll('blockquote[data-secret=\"'+t.secret+'\"]'),c=new RegExp(\"^https?:$\",\"i\"),i=0;i<o.length;i++)o[i].style.display=\"none\";for(i=0;i<a.length;i++)s=a[i],e.source===s.contentWindow&&(s.removeAttribute(\"style\"),\"height\"===t.message?(1e3<(r=parseInt(t.value,10))?r=1e3:~~r<200&&(r=200),s.height=r):\"link\"===t.message&&(r=new URL(s.getAttribute(\"src\")),n=new URL(t.value),c.test(n.protocol))&&n.host===r.host&&l.activeElement===s&&(d.top.location.href=t.value))}},d.addEventListener(\"message\",d.wp.receiveEmbedMessage,!1),l.addEventListener(\"DOMContentLoaded\",function(){for(var e,t,s=l.querySelectorAll(\"iframe.wp-embedded-content\"),r=0;r<s.length;r++)(t=(e=s[r]).getAttribute(\"data-secret\"))||(t=Math.random().toString(36).substring(2,12),e.src+=\"#?secret=\"+t,e.setAttribute(\"data-secret\",t)),e.contentWindow.postMessage({message:\"ready\",secret:t},\"*\")},!1)))}(window,document);\n\/\/# sourceURL=https:\/\/artif.com\/blog\/wp-includes\/js\/wp-embed.min.js\n\/* ]]> *\/\n<\/script>\n","description":"In den Faschingsferien vom 04.03.- 08.03.2019 schnupperten bei uns wieder f\u00fcnf Sch\u00fcler der Technik-Akademie T\u00fcbingen in den Beruf des Mediengestalters. Es gab wie immer eine kurze Einf\u00fchrung \u00fcber unsere Arbeit bei artif, wer wir sind und was wir alles machen. Speziell die Vorstellung des Berufsbildes Mediengestallter: Was macht ein Mediengestallter, was sind die Schwerpunkte der... Weiterlesen","thumbnail_url":"https:\/\/artif.com\/blog\/wp-content\/uploads\/2019\/03\/Technik-Akademie2019-Team_Artif.png","thumbnail_width":781,"thumbnail_height":435}

Blog artif Tübingen

Technik-Akademie 2019 bei uns - Blog artif Tübingen

<blockquote class="wp-embedded-content" data-secret="EleNVQ4Pjj"><a href="https://artif.com/blog/technik-akademie-2019-bei-artif.html">Technik-Akademie 2019 bei uns</a></blockquote><iframe sandbox="allow-scripts" security="restricted" src="https://artif.com/blog/technik-akademie-2019-bei-artif.html/embed#?secret=EleNVQ4Pjj" width="600" height="338" title="&#8222;Technik-Akademie 2019 bei uns&#8220; &#8211; Blog artif Tübingen" data-secret="EleNVQ4Pjj" frameborder="0" marginwidth="0" marginheight="0" scrolling="no" class="wp-embedded-content"></iframe><script type="text/javascript">
/* <![CDATA[ */
/*! This file is auto-generated */
!function(d,l){"use strict";l.querySelector&&d.addEventListener&&"undefined"!=typeof URL&&(d.wp=d.wp||{},d.wp.receiveEmbedMessage||(d.wp.receiveEmbedMessage=function(e){var t=e.data;if((t||t.secret||t.message||t.value)&&!/[^a-zA-Z0-9]/.test(t.secret)){for(var s,r,n,a=l.querySelectorAll('iframe[data-secret="'+t.secret+'"]'),o=l.querySelectorAll('blockquote[data-secret="'+t.secret+'"]'),c=new RegExp("^https?:$","i"),i=0;i<o.length;i++)o[i].style.display="none";for(i=0;i<a.length;i++)s=a[i],e.source===s.contentWindow&&(s.removeAttribute("style"),"height"===t.message?(1e3<(r=parseInt(t.value,10))?r=1e3:~~r<200&&(r=200),s.height=r):"link"===t.message&&(r=new URL(s.getAttribute("src")),n=new URL(t.value),c.test(n.protocol))&&n.host===r.host&&l.activeElement===s&&(d.top.location.href=t.value))}},d.addEventListener("message",d.wp.receiveEmbedMessage,!1),l.addEventListener("DOMContentLoaded",function(){for(var e,t,s=l.querySelectorAll("iframe.wp-embedded-content"),r=0;r<s.length;r++)(t=(e=s[r]).getAttribute("data-secret"))||(t=Math.random().toString(36).substring(2,12),e.src+="#?secret="+t,e.setAttribute("data-secret",t)),e.contentWindow.postMessage({message:"ready",secret:t},"*")},!1)))}(window,document);
//# sourceURL=https://artif.com/blog/wp-includes/js/wp-embed.min.js
/* ]]> */
</script>

In den Faschingsferien vom 04.03.- 08.03.2019 schnupperten bei uns wieder fünf Schüler der Technik-Akademie Tübingen in den Beruf des Mediengestalters. Es gab wie immer eine kurze Einführung über unsere Arbeit bei artif, wer wir sind und was wir alles machen. Speziell die Vorstellung des Berufsbildes Mediengestallter: Was macht ein Mediengestallter, was sind die Schwerpunkte der... Weiterlesen
